 c = 3 - 1. Suppose 2*i - c = -o + 5*o, 4*o = -4*i + 4. Let d(u) = -u + 8. Give d(o).
8
Let v(y) = -589*y - 3 + y**2 - 586*y + 1178*y - y**3. Suppose 4 = 2*t - 4, 0 = -4*b + t - 24. Let r = b + 7. Calculate v(r).
-1
Let k(q) be the first derivative of 1/3*q**3 - 7*q - 15 - q**2. Let v(i) = i**2 + 2*i - 3. Let u be v(2). Calculate k(u).
8
Let c(z) = -z**2 + 7*z - 5. Let a = 11 - 9. Suppose f = -a - 8. Let g(b) = -b - 6. Let d be g(f). Give c(d).
7
Let k be (-6)/(-27) - (-43)/9. Let g = 3 - 1. Let j(z) = g*z + z**3 - k*z - 6*z - 4 + 5*z**2 + 2*z. Calculate j(-6).
2
Let d(n) be the third derivative of -n**2 + 0*n + 1/6*n**3 - 1/24*n**4 + 0. Let k = -93 - -96. Give d(k).
-2
Let y(q) = -12 - 68*q + 133*q - 64*q. Let k be 20/(1/(2 - 1)). Let d = -11 + k. What is y(d)?
-3
Suppose -3*k + 990 = -576. Let c(s) = 3*s - 526 + 3*s - s + k. Give c(4).
16
Let s(b) = b**3 - 4*b**2 - 4. Let t(y) = -y**2 - 16*y - 25. Let n be t(-10). Suppose 0 = 4*o + 8, -c + 2*c + o - n = 0. Let z = c - 33. What is s(z)?
-4
Let z(m) = 2*m**2 - 6*m - 6. Let f be z(4). Suppose -f*y + 2*t + 38 = -7*y, 46 = -5*y - 4*t. Let o(j) be the first derivative of -j**2/2 - 13*j - 1. Give o(y).
-7
Let o be (2*1)/(-4)*-12. Let f(k) be the third derivative of k**5/60 - k**4/4 + k**3/6 + 6*k**2 - 203*k - 2. Determine f(o).
1
Let w(k) be the third derivative of k**6/120 - k**5/12 + 5*k**4/24 + 116*k**2. Determine w(4).
4
Let h(z) = -9*z + 2. Let b(v) = -10*v + 2. Let y(k) = -20*k + 4. Let p(f) = -13*b(f) + 6*y(f). Let t(c) = 7*h(c) + 6*p(c). Let d = 1 + -3. Give t(d).
8
Suppose 0 = -43*w + 36*w - 7. Let q(a) = 6*a - 11. Let l(x) = 3*x - 6. Let t(j) = 11*l(j) - 6*q(j). Determine t(w).
3
Let c(v) = v**3 - 2*v**2 + 5. Let l(p) = -4*p**3 + 8*p**2 - 23. Let u(f) = -9*c(f) - 2*l(f). Calculate u(-2).
17
Suppose -2*q = c - 19, -4*c + 18 + 13 = -q. Suppose 0 = -2*u - c + 19. Let l(h) = -4*h - 6. Let j(g) = -g. Let m(n) = 6*j(n) - l(n). Determine m(u).
-4
Suppose 3 = 3*y - 15. Suppose -2*k = 5*v - 101, -v + 34 = y*k - k. Suppose -5*n + 16 = -v. Let h(a) = a**2 - 5*a - 8. Determine h(n).
6
Let v(o) = o**2 + 9*o - 1. Let w be (-44)/(-3) + (-5)/(-15). Suppose w = n + 20. Calculate v(n).
-21
Let t(y) = 3*y - 2. Let d(q) = 4*q - 1. Let o(u) = -2*d(u) + 3*t(u). Let v be o(4). Let f(g) = -g**3 - g**2 - g - 6. What is f(v)?
-6
Suppose -86 = 2*t - 80. Let j(x) = 4*x**2 + 4. Calculate j(t).
40
Suppose -5*j - 5 = -2*d, -8*j - 4 = -4*j + 5*d. Let f(t) = 3*t**2 + 3*t**3 + 6*t**3 - 5*t**2 - t + 0*t**2. Calculate f(j).
-10
Let w(g) be the third derivative of 7*g**5/60 + g**4/12 + g**3/6 - g**2. Suppose -5*y = 5*c + 10, 4*c + 14 = 3*c + 3*y. Let f be (-2)/4*(-10)/c. What is w(f)?
6
Suppose 6*u - 5*u = -5*w - 88, -3*w = -2*u + 58. Let b(r) = 2*r + 25. Determine b(w).
-11
Let x be -3 + 2 + -3 + (-9 - -8) + 2. Let b(a) = 5*a**3 + 8*a**2 + 5*a - 4. Let d(p) = -4*p**3 - 7*p**2 - 4*p + 4. Let f(c) = 3*b(c) + 4*d(c). What is f(x)?
-2
Let q(n) = -2*n. Let h(t) = -7*t - 5. Let w(p) = -h(p) + 3*q(p). Determine w(-2).
3
Let d(i) = -i**2 - i - 3. Let l be ((-12)/(-4))/(-6*(-1)/(-8)). Calculate d(l).
-15
Let j(t) = t**2 - t + t**3 - 3 + 2*t + 0*t + 2. Suppose -f + 4*f - 3 = 0, 0 = -5*b - 2*f + 27. Suppose 2*s + 2 + 0 = 0, -2*y + 5*s + b = 0. Give j(y).
-1
Let u(r) = r**3 - 3*r**2 - 3*r + 1. Let n = 533 - 530. Calculate u(n).
-8
Let q(r) be the second derivative of -r**3/6 + 11*r**2 + 193*r. Give q(13).
9
Let c(r) = -3*r**2 - 3*r + 4. Let s(z) = 2*z**2 + 2*z - 3. Let i(u) = 3*c(u) + 4*s(u). Let d(x) = 3*x. Let t be d(3). Suppose -2*m = t - 3. Give i(m).
-6
Let b(a) be the first derivative of -a**3 + 3*a**2 + 3*a - 148. What is b(3)?
-6
Let a(m) = 5*m - 2*m**2 - 2*m + 4 - m**3 - 3*m**2 + 2*m**2. Let h be 6/15 - (-34)/(-10). Calculate a(h).
-5
Let r(d) = -d**2 + 6*d + 4. Suppose 22 = p + 3*p - 5*m, -2*p = 3*m - 22. Give r(p).
-12
Let y(m) = -m**2 - 7*m + 73. Let v be y(6). Let g(j) = 3*j - 5. What is g(v)?
-20
Suppose 0 = -3*m + 2*o + 5, -3*o - 4 = -5*m + 6. Suppose 2*k - 27 = m*y, -3*k + 3*y + 30 = -y. Let g(n) = n**3 - 5*n**2 - 6*n + 6. Calculate g(k).
6
Suppose -4*k = -10 + 2. Let t be 3*1*6/6. Let x(c) = -2*c**2 + 4*c**3 - 1 + c - 3*c**3 + c**t. Give x(k).
9
Let h(w) = -4*w - 15. Let y(a) = -a - 1. Let i(k) = h(k) - 5*y(k). Calculate i(0).
-10
Let r(b) = 5*b**3 + 35*b**2 - 18*b + 24. Let w(c) = -c**3 - 7*c**2 + 4*c - 5. Let o(y) = 2*r(y) + 11*w(y). Determine o(-8).
-7
Let o(h) be the second derivative of -1/2*h**2 + 0*h**3 + 3*h + 4/3*h**4 + 0. Let y(i) = -i**2 - 16*i - 14. Let t be y(-15). Give o(t).
15
Let h = 1073 + -1079. Let c(i) = i + 5. Calculate c(h).
-1
Let h(x) = -x**2 - 7*x - 3. Let y be 2 + -1 + (-4 - -3). Suppose y = -q + 5*b - 21, -q - 6 = b - 3. Calculate h(q).
3
Suppose 12 = 2*u + 4, 3*b - 5*u + 38 = 0. Let j(h) = h**3 + 6*h**2 + h - 3. Determine j(b).
-9
Let m(w) = -8*w - 4. Let x = -189 + 188. Give m(x).
4
Let a(l) = 7*l**2 + 56 - 28 - 21 + 3*l + l**3. Determine a(-6).
25
Let v(j) be the first derivative of -3*j**2/2 - 17*j - 27. Determine v(-7).
4
Let t(g) be the third derivative of -1/60*g**5 + 0 + 0*g - 1/12*g**4 + 7/6*g**3 - 3*g**2. Let y be t(-4). Let m(w) = -12*w**2 + 1. What is m(y)?
-11
Let t(d) = d**3 + 10*d**2 + 8*d - 1. Let x(a) = -2*a**3 + 2*a**2 - 15*a + 29. Let q be x(2). Determine t(q).
8
Let i = 15 - 1. Let b be ((-7)/(-2))/(7/i). Let w be (-4)/8 + b/(-2). Let p(l) = l**3 + 5*l**2 + 4*l + 2. Determine p(w).
2
Suppose 3*x = x + 16. Let a be -1*(x + -4 + 1). Let w(g) = g**2 + 5*g - 6. Let l be w(a). Let z(t) = -t**2 - 5*t + 6. Determine z(l).
0
Let f(o) = 3*o**2 - 69*o + 10. Let t(x) = -12*x. Let z(l) = -f(l) + 5*t(l). Give z(3).
-10
Let m = 48 + -48. Suppose m = 2*s + 5*g - 2 - 4, -2*s + 4*g - 12 = 0. Let y(t) = 2*t**3 + 4*t**2 + 4*t + 3. Determine y(s).
-5
Let t = -4 - -5. Suppose 1 = w - t. Let f(z) = 0*z**w + 4*z - z + z**2. Determine f(-4).
4
Let x(v) = 159*v + 166*v - 2*v**2 - 5*v**2 + v**3 - 323*v - 1. What is x(6)?
-25
Suppose 10 = 5*f - 0*f. Let p(a) = -4*a**3 + 3*a**2 - 2. Give p(f).
-22
Let f(c) be the first derivative of c**3/3 + c**2/2 + 9*c + 19. What is f(0)?
9
Let v(h) = -167*h + 1331. Let t be v(8). Let k(p) = p**2 - p - 1. Let l(y) = -y**3 - 7*y**2 + 8*y + 9. Let m(b) = -3*k(b) - l(b). Give m(t).
-6
Let y(h) = 2*h**3 - 11*h**2 - 7*h + 17. Let g be y(6). Let d(j) = -j**2 + 12*j - 11. Calculate d(g).
0
Let p(a) = a**3 - 8*a + 13*a + 113*a**2 - 5 - 120*a**2. Calculate p(5).
-30
Let w(h) = h**3 + 4*h**2 + 2*h + 3. Suppose -18 - 2 = 5*f. Calculate w(f).
-5
Let w(z) be the first derivative of z**4/4 + z**3/3 + z**2/2 - 12*z + 66. What is w(0)?
-12
Let f(b) = -2*b + 8. Let l be f(4). Suppose 2*w - 8 = -l*w. Let n(j) = 1 - w*j + 0*j + j**2 + j**3 + 0. Give n(-3).
-5
Let f be 3/18 + 325/(-78). Let q(j) = 2*j**3 + 5*j**2 - 2*j + 3. Determine q(f).
-37
Let n(s) = -s**2 + 6*s - 2. Let o be (-6 - 1/(-1))*(-3 - -2). Determine n(o).
3
Let s(k) = -70*k**2 - 74*k**2 + 283*k**2 - 1 - 69*k**2 - 69*k**2. Give s(1).
0
Let y be (51/(-68))/((-2)/8). Let g be (-1)/(3/((-18)/3)). Let s(u) = -3 + y*u + g*u - 3*u. Determine s(-4).
-11
Suppose 2*a - 3*a = -4. Suppose 12 = 4*g, -78 = -5*o - a*g + 8*g. Let x(j) = j**2 + j**2 - 2 - o*j**3 - 6*j + 19*j**3. Calculate x(-4).
-10
Let p(q) be the second derivative of -q**5/20 + 7*q**4/12 + 4*q**3/3 - 4*q**2 - 40*q. Let m be (-4)/14 - 174/(-21). Give p(m).
-8
Let f(m) = 3*m - 23. Let k(p) = -2*p + 12. Let a(u) = -3*f(u) - 5*k(u). Give a(-7).
2
Let k(d) = 59*d - 117*d - 3 + 6 + 60*d - d**2. Give k(3).
0
Suppose 0 = b - 60 + 54. Let m(i) = 2 + i**2 + i**3 + b*i - 10*i + 5*i. Let y be 1/(-4)*2*0. Calculate m(y).
2
Suppose -4 = 4*w - 12. Let a(y) = 0*y**3 + 4*y**w - y**3 - 3 + y**2 - y. Suppose 5*u - 22 = 3*l, -u - 3*l - 2*l + 10 = 0. Determine a(u).
-8
Let q(i) = -285*i + 141*i + 10 + 141*i. Give q(-7).
31
Let a(d) be the second derivative of -7/6*d**3 + 1/12*d**4 - 17*d + 0 - 3*d**2. Let z = 13 - 7. Determine a(z).
-12
Let g(x) = 4*x + 4 - 9*x + 6*x + 1 + x - 2*x**2. Calculate g(3).
-7
Let u(f) = -6*f + f**3 + 2*f + 4 + 0 - 3*f**2. Let l be (-60)/28 + (-2)/(-14). Let d be (l - 1) + 7 + -1. Determine u(d).
-8
Let z(i) = 3*i + 5. Let k(o) = -2*o - 3. Let n(p) = -5*k(p) - 3*z(p). Let g be (-12)/(-5) - (-38)/(-95). Suppose -3*j + 2*j = g. Determine n(j).
-2
Suppose 2*u 